4*f**3 + 26*f**2 - 9*f - 1. Let i(b) = 29*b**3 - 5*b**2 + 2*b. Let c(j) = 11*i(j) + 2*u(j). What are the prime factors of c(2)?
2, 11
Let w = 39045 + -21881. What are the prime factors of w?
2, 7, 613
Let s = 31709 - 20869. What are the prime factors of s?
2, 5, 271
Suppose -26*t = -147524 - 148512. List the prime factors of t.
2, 5693
List the prime factors of 291/2 + -15 - 1/2.
2, 5, 13
Let u(l) = 4*l**2 + 209*l + 6572. What are the prime factors of u(-113)?
34031
Let u(r) = -r**3 - 9*r**2 + 43*r + 973. List the prime factors of u(-28).
5, 7, 419
Let c = 64 - 58. Let v(i) = i**2 - 8*i + 1. Let g be v(c). Let k(w) = 2*w**2 + 14*w - 14. List the prime factors of k(g).
2, 37
Suppose -115636 = -23*g - 23889. What are the prime factors of g?
3989
Let j(p) = 3*p**2 - 46*p + 7. Let x be j(29). Suppose 2*m + w + w = x, -3*w + 9 = 0. What are the prime factors of m?
5, 7, 17
Let f be (-1)/(-3) - 2959/(-33). Let d = f + -90. Suppose 5*g - 4 = t - d*g, -8 = -t + g. What are the prime factors of t?
11
Let m(k) = -k**3 + 41*k**2 - 29*k + 125. List the prime factors of m(18).
5, 17, 83
Let k(h) = 12499*h + 72. What are the prime factors of k(1)?
13, 967
Let t(v) = v**3 + 2*v**2 + v + 2. Let j be t(5). Let f = 181 - 82. Let k = j - f. What are the prime factors of k?
83
Let x be (-5)/18*-62 - 384/1728. Suppose -3*u = -4*u + 120. Let n = u + x. What are the prime factors of n?
137
Let o be ((-21)/7)/((-18)/138). Suppose 0 = -o*v + 15202 + 13410. List the prime factors of v.
2, 311
Suppose 5*h - 5*j - 1729 - 6641 = 0, 5*h - j = 8366. List the prime factors of h.
7, 239
Let k = 4692 - -4083. List the prime factors of k.
3, 5, 13
Suppose 15567*c = 15566*c + 17746. What are the prime factors of c?
2, 19, 467
Let o = -85 - -89. Suppose -r - r = o*r. Suppose r = 5*f, -m + f = -3*m + 392. What are the prime factors of m?
2, 7
Let h(i) = 6*i**2 + 63*i + 1130. List the prime factors of h(-35).
5, 251
Suppose a = -5*j + 25151, -5*j + 4*a + 22193 + 2978 = 0. List the prime factors of j.
3, 13, 43
Let g(b) = 91*b + 30. Let c be g(-4). What are the prime factors of 37/74*(2/1 - c)?
2, 3, 7
Let m = 8351 + -4943. List the prime factors of m.
2, 3, 71
Suppose 62*q + 38464 - 97519 = 47337. What are the prime factors of q?
2, 3, 11, 13
Suppose -3*s = 3*q + 9, -14 = -3*s + s + 3*q. Let x be 0/s + (6 - 2). Suppose -x*d = -2*d - 118. What are the prime factors of d?
59
Let t = 20365 - 12089. List the prime factors of t.
2, 2069
List the prime factors of 2/15 - (-4105560)/1800.
2281
Suppose -499 + 409 = -2*k. Let y = 89 + -37. Let f = k + y. List the prime factors of f.
97
Let z = -24 + 27. Suppose 4*h - 1450 = 2*j, 0 = -z*h - j + 848 + 227. Suppose -118 = i - h. List the prime factors of i.
2, 11
Let v be (-14)/(-49)*3122/(-2). Let s = -357 - v. What are the prime factors of s?
89
Let i(w) = -w**2 - 15*w - 37. Let q be i(-8). Let f(a) = a**3 - 17*a**2 - 16*a + 100. What are the prime factors of f(q)?
2, 7, 37
Let d = -19 - -26. Let p(i) = 2*i**2 - 4*i - 10 + 4 + d*i - 14. What are the prime factors of p(6)?
2, 5, 7
Suppose 9*n - 103 = 6*n + 2*f, -f = -n + 35. Suppose 25*c = n*c - 576. List the prime factors of c.
2, 3
What are the prime factors of 21/(1701/54666)*18?
2, 3037
Let b(i) = -21*i - 79. Let l be b(-4). Let c(o) = 121*o + 27. List the prime factors of c(l).
2, 79
Suppose -2*h + 0*h = 26. Let r(s) = s + 16. Let a be r(h). Suppose x + a*x = -5*v + 47, 2*v - 22 = -2*x. What are the prime factors of x?
2
Let n be (-30)/3*(-4)/((-16)/(-26)). Let y be n*1*((-32)/(-20))/1. Suppose m + 5*v = y, -2*m - m = -4*v - 217. What are the prime factors of m?
79
Let m = -1281 - -2319. Let f = m + -481. List the prime factors of f.
557
Suppose 20*h - 19*h + 5*w = 11640, -4*h - 2*w + 46614 = 0. List the prime factors of h.
3, 5, 7, 37
List the prime factors of 7 - ((-1)/(-3) - 3605169/333).
3, 23, 157
Let p(m) = -6739*m**3 - 5*m**2 - 3*m. List the prime factors of p(-1).
6737
Let a(f) = -8*f + 11. Let z be a(9). Let h = 52 + z. Let x(o) = -o**2 - 18*o + 12. List the prime factors of x(h).
3, 31
Let k be 2/1*(-10)/(-4). Suppose 0 = -3*t + 3*x - 24, k*t = 2*x - 31 - 0. What are the prime factors of (t - 21/(-6))*(-472)/6?
2, 59
Let i(f) = -2*f**2 - 23*f - 8. Let c be i(-11). Suppose -5*p - c*z = -z + 443, 0 = -p + z - 83. Let t = 136 + p. List the prime factors of t.
7
Suppose 148*z = 453869 - 136437 + 568496. List the prime factors of z.
2, 41, 73
Suppose 3*w = -3*n + 54877 - 4768, 0 = 4*n + 3*w - 66808. What are the prime factors of n?
16699
Suppose 132 = 3*k - 48. Let w(m) = 0*m + 9*m**3 - 2*m + 61 - k. List the prime factors of w(2).
3, 23
Let d(o) = -o**3 - 11*o**2 + o - 5. Let u be d(-11). List the prime factors of 770/44*u/(-10).
2, 7
Let u = -46204 + 46529. What are the prime factors of u?
5, 13
List the prime factors of (-637)/364 + (-33094)/(-8).
5, 827
Suppose 3*k - 20*p - 6730 = -16*p, -k - 5*p + 2218 = 0. Let r = k + -1598. What are the prime factors of r?
2, 5
What are the prime factors of 3*((-2283875)/(-75) - 26)?
97, 941
Let f be -1 + 0 + -54 + 0. Let s = -142 - -132. Let h = s - f. What are the prime factors of h?
3, 5
Let z = 305 + -308. List the prime factors of 0 + (1152/z)/(-2).
2, 3
Let h = -19 + 21. Let s be 2 + h/1 - 6. Let q(a) = -a**3 + a**2 - 4. List the prime factors of q(s).
2
Let l(w) be the third derivative of -w**5/60 - 8*w**4/3 - 29*w**3/2 + 120*w**2. What are the prime factors of l(-25)?
2, 3, 37
Let t(u) = 71964*u**2 - 37*u + 14. List the prime factors of t(1).
71941
Let c be (6/4)/(6/1264). What are the prime factors of 3 + c - 2/4*-6?
2, 7, 23
Let o = 24 + -21. Suppose -3*a + 10 = -v, 6*v + a = o*v + 10. Suppose 61 = b - v*h + 4*h, 293 = 5*b + 4*h. List the prime factors of b.
3, 19
Suppose j + 2*d = 2798, -3*j + 3*d + 8408 = 2*d. Suppose 2*f - j = -f. What are the prime factors of f?
2, 467
Let q(w) = w**2 - 14*w + 2. Let k be q(20). Let r = k + -57. List the prime factors of r.
5, 13
What are the prime factors of (6 - 7) + 5 + 14838 + -10?
2, 3, 103
Suppose 0*s - 504564 = -17*s + 368539. List the prime factors of s.
7, 11, 23, 29
Let n(b) = 51*b + 14. Let i be -1 - -4 - -1 - 2. List the prime factors of n(i).
2, 29
Suppose 0 = u + 4*z - 12422, 2*u + 0*u - 24840 = -4*z. List the prime factors of u.
2, 7, 887
Let p = 47620 + -28570. What are the prime factors of p?
2, 3, 5, 127
Let l(v) = 5*v**2 - 13*v - 59. Let a be l(-21). Let k = a - 975. List the prime factors of k.
2, 19
Let u = 374 + -368. Suppose u*v = -552 + 5454. What are the prime factors of v?
19, 43
What are the prime factors of 11780660/476 - 18/14?
2, 23, 269
Suppose -3*o = 4*z - 1887, -z + 4*z + 5*o - 1407 = 0. Let r(w) = -6*w**3 + 282*w**2 + 7*w - 103. Let f be r(47). Let b = z - f. List the prime factors of b.
2, 31
Let d = 77 + -73. Suppose d*j = 0, 0 = -3*f - 7*j + 2*j + 9. What are the prime factors of ((-2136)/(-5))/f - (-81)/135?
11, 13
Suppose 0 = -2*j, 4*g - 188219 + 56471 = j. What are the prime factors of g?
3, 10979
Suppose 4*i + 11778 = 5*k - 21239, 2*i = 3*k - 19807. List the prime factors of k.
3, 733
Let b(u) = 256*u - 1686. List the prime factors of b(38).
2, 4021
Let a(n) = -27*n - 128. Let g be a(-22). Suppose i + g = d + 6*i, -2*d = 3*i - 904. List the prime factors of d.
2, 223
Suppose x + 74 = 2*x. Suppose 20 = 4*f, -9*f + 4*f + 85 = -3*o. List the prime factors of x*(o/(-8) + -2).
37
Let u = -270 - -273. Suppose 9*k + 2*z - 4950 = 4*k, u*z = 5*k - 4975. What are the prime factors of k?
2, 31
Let x(v) = -20*v - 16. Suppose j - 5 - 1 = 0. Suppose j*r + 18 = 3*r. List the prime factors of x(r).
2, 13
Suppose 4*p + 656 = -5*y, -330 = p + p + 3*y. Let d = p - -265. Suppose d = 5*s - 679. What are the prime factors of s?
157
Suppose -3088309 = -118*r + 1667563. What are the prime factors of r?
2, 11, 229
Let i(k) = 216*k**2 - 4*k - 74. What are the prime factors of i(5)?
2, 7, 379
What are the prime factors of (-21)/(252/48) - -5289?
5, 7, 151
Let g = 96102 + -66563. What are the prime factors of g?
109, 271
Let s(o) = 399*o - 913*o + 467*o + 10*o**2 - 12. What are the prime factors of s(12)?
2, 3
Suppose -4*j = -g - 76, 3*j + 0*g - 3*g = 48. Suppose 2*i - 4*b = 64, -j + 98 = 3*i + 3*b. Suppose 8 - i = -5*z. What are the prime factors of z?
2
Let n = 39 - 23. Suppos